Suppose -4*m + f*v + 335 = 0, -v + 2*v - 315 = -4*m. What are the prime factors of m?
2, 5
Suppose 3635 = t - 5*h, 3*t = 6*h - 3*h + 10893. What are the prime factors of t?
2, 3, 5, 11
Suppose -y - 1 = -3. Let m(h) = -h**3 + 1 - 2 - h**2 + 0 + y - 2*h. List the prime factors of m(-2).
3
Let g(s) = -s**3 + 8*s - 9 - 9*s - 15*s**2 + 5*s**2. Let o be g(-10). Suppose -3*a - 13 = -o, 77 = 5*u + 2*a. What are the prime factors of u?
17
What are the prime factors of (-1540)/21*27/(-6)?
2, 3, 5, 11
Suppose 161 = -7*d + 2821. List the prime factors of d.
2, 5, 19
Let a(s) = 2*s**2 - 3*s - 13. Let p be (-68)/(-11) - (-20)/(-110). List the prime factors of a(p).
41
Let k(x) = -x**2 - 4*x - 5. Let v(m) = -m**3 + 3*m**2 + 2*m + 3. Let u be v(4). Let p be k(u). Let i = p + 15. List the prime factors of i.
5
Let t = 736 - 255. What are the prime factors of t?
13, 37
Suppose 0 = 2*l + 3*s - 7*s + 10, -20 = -5*s. Suppose -2*y = l*y. Suppose 12*w - 7*w - 180 = y. List the prime factors of w.
2, 3
Let d be (-2224)/56 + 4/(-14). Let x = -16 - d. What are the prime factors of x?
2, 3
Let c(h) = -38*h + 84. List the prime factors of c(-16).
2, 173
Suppose 692 = u - 1111. List the prime factors of u.
3, 601
Suppose 11*g - 1770 - 9450 = 0. List the prime factors of g.
2, 3, 5, 17
Let s(i) = -93*i - 2. Let g be s(3). Let h = 484 + g. List the prime factors of h.
7, 29
Suppose 3*n - 25 = 5*q, 3*n + 2*q = -3*q - 25. Let a = 86 - n. List the prime factors of a.
2, 43
Let m be 152/40 - 2/(-10). Suppose 5*s + 478 = 3*v, -s + 3*s - 620 = -m*v. List the prime factors of v.
2, 3, 13
Let s(w) = 0*w**3 + 7*w - 6*w**2 + w**3 - 369 + 377. What are the prime factors of s(6)?
2, 5
Let w(x) = -1886*x - 11. What are the prime factors of w(-1)?
3, 5
Let r(k) = k**3 - 10*k**2 - 11*k + 4. Let q be r(11). Suppose -q*y = -2*y. Suppose y = -6*n + 4*n + 40. What are the prime factors of n?
2, 5
Let o(w) = 7*w + 1. Let x be (-4)/(-10) - 16/(-10). Let j be o(x). Suppose -5*t - j = -10*t. List the prime factors of t.
3
Suppose -4*q - c = -304, 0 = q - 4*q + 5*c + 205. What are the prime factors of q?
3, 5
Let m = -123 + 50. Let p = 189 + m. List the prime factors of p.
2, 29
Let t(z) = z**3 + 10*z**2 + 16*z + 3. Let y be t(-8). Suppose p + y*p = 16. Suppose -p*n - 82 + 302 = 0. What are the prime factors of n?
5, 11
Let b be -59 - (-2 + 2 - -1). What are the prime factors of (36/(-15))/(3/b)?
2, 3
Suppose 86*h - 24*h = 123442. What are the prime factors of h?
11, 181
Let z(v) be the second derivative of -1/2*v**2 + 7*v - 1/3*v**3 + 0. List the prime factors of z(-5).
3
Suppose -835 = -4*q - 7*s + 4*s, s = 2*q - 415. List the prime factors of q.
2, 13
List the prime factors of (-3 - -530) + (5 + -6)/1.
2, 263
Let r = -4632 - -7056. List the prime factors of r.
2, 3, 101
Let q = 41 + -65. Let n(p) = p**3 + 7*p**2 - 7*p - 11. Let j be n(-7). Let y = q + j. What are the prime factors of y?
2, 7
Suppose -5*t + 386 = -2*t + 4*q, 0 = -5*q + 10. List the prime factors of (t - (-1 - -2))*2/5.
2, 5
Let a = -35 + 33. What are the prime factors of a/(15/25 - 1)?
5
Suppose -4*c + 21 = -7*c. Let h = 3 + c. List the prime factors of 50/6 - h/(-12).
2
What are the prime factors of -9 - -2 - (-646 - 10)?
11, 59
Let l = -28 - -40. Let c = l + -8. List the prime factors of (c + 1)*(-231)/(-35).
3, 11
Let h(v) = -2*v + 19*v**2 - 9 - v**3 - 11*v**2 + 15*v. Suppose 12 = 2*q - 6. List the prime factors of h(q).
3
Suppose -5*r - 5*u + 1385 = 0, 2*r - 4*u + 99 - 635 = 0. What are the prime factors of r?
2, 137
What are the prime factors of (-2 - 15025)*6*18/(-324)?
5009
Let s = 65 + -65. Suppose s = -y + 5, -425 = -4*p + 3*y + 232. What are the prime factors of p?
2, 3, 7
Let m(x) = -x**2 + x + 1. Let q = 9 - 4. Let o be m(q). Let w = o - -33. List the prime factors of w.
2, 7
Let o be ((2 - 8) + 0 + 0)/(-3). Suppose 16 = 4*k, -4*k = o*q - 3*q + 245. What are the prime factors of q?
3, 29
Suppose -926 = -5*g - 5*m + 919, -m = 2*g - 738. Suppose 3*p - g = -0*p. What are the prime factors of p?
3, 41
What are the prime factors of ((-8)/10)/((-17)/(-85)) + 369?
5, 73
Let j be 2 + 6/(5 - 2). Suppose r + j*r - 35 = 0. What are the prime factors of r?
7
Suppose -5*w - 400 + 2825 = 0. Let i = 1529 - w. What are the prime factors of (-2)/(-7) - i/(-21)?
2, 5
Let l be (-1410)/(-48) + 3/(-8). Let y be 1 + 2*(-6 - 0). Let w = l + y. List the prime factors of w.
2, 3
Suppose 0 = 4*a + 2*y - 2330, -4*a = a + 5*y - 2910. List the prime factors of a.
11, 53
List the prime factors of (-63537)/(-30) - (-29)/290.
2, 3, 353
Let z = -27 - -30. Let w(u) = u**2 + 5*u - 2. List the prime factors of w(z).
2, 11
Suppose -2*r - 3*b + 3 = 0, -3*r + 8*r - 4*b + 4 = 0. Suppose -7*w = -2*w - 5, -5*o - w + 851 = r. What are the prime factors of o?
2, 5, 17
Suppose 139 = -5*v + 9. Let p = v - -83. What are the prime factors of p?
3, 19
List the prime factors of (-44 + 0)*((-287)/14 - -9).
2, 11, 23
Let u(h) = h - 3. Let v = -16 + 24. Let w be u(v). Suppose 4*l + 115 = 4*a + w*l, -2*l + 50 = 2*a. What are the prime factors of a?
2, 3, 5
Let b(v) = -181*v**3 + 2*v**2 + 2*v - 7. What are the prime factors of b(-2)?
5, 17
Suppose -2*z - 3*z - 10 = 0. Let m be (-36)/(-9)*1/z. What are the prime factors of (-3 - m - -1) + 45?
3, 5
What are the prime factors of (-1)/(-3) + 128960/93?
19, 73
Let n = -124 + 46. Let l = n + 50. List the prime factors of (-3 + (-180)/l)*7.
2, 3
What are the prime factors of (111/6)/(2/4)?
37
Let k(p) = 5*p - 81. Let i(f) = f + 2. Let u(z) = -5*i(z) - k(z). What are the prime factors of u(-11)?
181
Suppose r = 5*q - 23, -q - 2 + 21 = -5*r. Suppose 2*n + 20 = -5*m + 53, -q*m + 57 = 5*n. Let l = n - 5. List the prime factors of l.
2
Let g = 6 - -37. What are the prime factors of (1 + g)/(3 + -4 + 2)?
2, 11
Let i = 21 - 29. Let a be i/(-28) - 208/(-7). Let b = a + -13. What are the prime factors of b?
17
Let x(w) = 2*w**2. Let g be 20/9 + 6/(-27). Suppose 18 = 5*f - g. List the prime factors of x(f).
2
Let t be 9/(27/30) - 4. Suppose -2*n - 3*s = -t*s - 23, -4*s = -2*n + 18. Suppose -91 + n = -2*p. What are the prime factors of p?
2, 3
Let b = 916 - 23. List the prime factors of b.
19, 47
List the prime factors of 12/((-2675)/8700 - (-1)/3).
2, 29
Let w be -6 - 1 - (2 - 1). Let i(c) = 3*c**2 + 13*c + 1. List the prime factors of i(w).
89
Suppose 0 = -2*b - 5*p + 1384, 0 = -4*b + p + 4293 - 1503. What are the prime factors of b?
17, 41
Let p(l) = l**2 + 3*l - 16. Let b be p(-8). What are the prime factors of (-12)/b + (-10)/(-4)?
2
Let c = 27 - 24. Suppose 464 - 41 = c*p. List the prime factors of p.
3, 47
Suppose 4*m - 226 - 646 = 0. Let f be m/6 - 4/12. Suppose 0*x = -3*x + f. List the prime factors of x.
2, 3
Let a = 113 - 107. Let q(f) = 2*f + 7. List the prime factors of q(a).
19
Suppose -5 = -5*f, -4*o + 15*f + 2131 = 10*f. List the prime factors of o.
2, 3, 89
Suppose 8245 = 52*f - 53011. What are the prime factors of f?
2, 19, 31
Let k(n) = 15*n**2 - 6*n + 6. List the prime factors of k(-5).
3, 137
Let y(x) = -7*x**3 - 17*x**2 + 28*x + 97. List the prime factors of y(-9).
3571
Let l be ((-213)/4)/(17/(-204)). Let g(h) = 71*h**2 - 2*h - 2. Let v(a) = -22649*a**2 + 639*a + 639. Let d(z) = l*g(z) + 2*v(z). List the prime factors of d(1).
71
Suppose 2*m + 4*z - 1351 = 865, 2*z = -3*m + 3312. What are the prime factors of m?
2, 19, 29
Let q = -83 + 91. Let v(k) = 4*k**2 - 12*k + 20. What are the prime factors of v(q)?
2, 3, 5
Suppose 3*j - 6738 = -3*h, -4717 = -2*j + 3*h - 250. What are the prime factors of j?
3, 83
Suppose 5*d = -3*v - 8, 5*v - 3*v = 2*d. Let r = 16 + v. Let c = 20 - r. List the prime factors of c.
5
Let k be (-2)/(-8) + (-696)/(-32). Suppose k = -x + 2*x. List the prime factors of x.
2, 11
Let g(q) = q**2 + 3*q - 38. What are the prime factors of g(20)?
2, 211
Let g be 29/2 - 12/24. Suppose -5*w - g = -284. List the prime factors of w.
2, 3
Suppose -c = -2*c - 5*v - 14, 8 = -2*c - 5*v. Suppose 127 = c*l - 53. List the prime factors of l.
2, 3, 5
Let q(v) be the third derivative of -v**2 + 1/6*v**3 + 1/24*v**4 + 0 + 0*v. What are the prime factors of q(8)?
3
Let p = -18 - -20. Suppose 5*k = 3*m - 187, -p*m + 4*m - 120 = k. What are the prime factors of m?
59
Let r be (4/8)/(1/2). Suppose 2*n = -r + 7. Supp